{"id":362,"date":"2014-12-14T18:02:57","date_gmt":"2014-12-14T17:02:57","guid":{"rendered":"http:\/\/www.waldforscher.at\/?page_id=362"},"modified":"2017-09-28T08:54:49","modified_gmt":"2017-09-28T07:54:49","slug":"pech-gehabt-die-pecherei","status":"publish","type":"page","link":"http:\/\/www.waldforscher.at\/?page_id=362","title":{"rendered":"Pech gehabt! &#8211; Die Pecherei"},"content":{"rendered":"<p><a href=\"http:\/\/www.waldforscher.at\/wp-content\/uploads\/2014\/12\/Pecherei.jpg\"><img loading=\"lazy\" decoding=\"async\" data-attachment-id=\"344\" data-permalink=\"http:\/\/www.waldforscher.at\/?attachment_id=344\" data-orig-file=\"http:\/\/www.waldforscher.at\/wp-content\/uploads\/2014\/12\/Pecherei.jpg\" data-orig-size=\"800,533\" data-comments-opened=\"1\" data-image-meta=\"{&quot;aperture&quot;:&quot;5&quot;,&quot;credit&quot;:&quot;&quot;,&quot;camera&quot;:&quot;Canon EOS 60D&quot;,&quot;caption&quot;:&quot;&quot;,&quot;created_timestamp&quot;:&quot;1371209775&quot;,&quot;copyright&quot;:&quot;&quot;,&quot;focal_length&quot;:&quot;18&quot;,&quot;iso&quot;:&quot;640&quot;,&quot;shutter_speed&quot;:&quot;0.0125&quot;,&quot;title&quot;:&quot;&quot;,&quot;orientation&quot;:&quot;1&quot;}\" data-image-title=\"Pecherei\" data-image-description=\"\" data-image-caption=\"\" data-large-file=\"http:\/\/www.waldforscher.at\/wp-content\/uploads\/2014\/12\/Pecherei.jpg\" class=\"alignnone size-medium wp-image-344\" src=\"http:\/\/www.waldforscher.at\/wp-content\/uploads\/2014\/12\/Pecherei-300x199.jpg\" alt=\"Pecherei\" height=\"199\" width=\"300\" srcset=\"http:\/\/www.waldforscher.at\/wp-content\/uploads\/2014\/12\/Pecherei-300x199.jpg 300w, http:\/\/www.waldforscher.at\/wp-content\/uploads\/2014\/12\/Pecherei.jpg 800w\" sizes=\"auto, (max-width: 300px) 100vw, 300px\" \/><\/a><\/p>\n<p>Was ist die Pecherei? Was ist Harz? Wie gewinnt man es und wie sieht die Arbeit des Pechers aus? Ihr k\u00f6nnt selber Harzen und auch selber einen Bohrkern einer Kiefer entnehmen &#8211; der riecht ganz k\u00f6stlich!!<\/p>\n<p>Schon das Bohren des Kerns mit einem forstlichen Kernbohrer ist ein Erlebnis f\u00fcr sich. Nur die Starken schaffen das \ud83d\ude09<\/p>\n<p><a href=\"http:\/\/www.waldforscher.at\/wp-content\/uploads\/2014\/12\/Bohrer_imBaum.jpg\"><img loading=\"lazy\" decoding=\"async\" data-attachment-id=\"501\" data-permalink=\"http:\/\/www.waldforscher.at\/?attachment_id=501\" data-orig-file=\"http:\/\/www.waldforscher.at\/wp-content\/uploads\/2014\/12\/Bohrer_imBaum.jpg\" data-orig-size=\"1000,629\" data-comments-opened=\"1\" data-image-meta=\"{&quot;aperture&quot;:&quot;3.4&quot;,&quot;credit&quot;:&quot;&quot;,&quot;camera&quot;:&quot;Canon PowerShot SX130 IS&quot;,&quot;caption&quot;:&quot;&quot;,&quot;created_timestamp&quot;:&quot;1328644287&quot;,&quot;copyright&quot;:&quot;&quot;,&quot;focal_length&quot;:&quot;5&quot;,&quot;iso&quot;:&quot;400&quot;,&quot;shutter_speed&quot;:&quot;0.004&quot;,&quot;title&quot;:&quot;&quot;,&quot;orientation&quot;:&quot;1&quot;}\" data-image-title=\"Bohrer_imBaum\" data-image-description=\"\" data-image-caption=\"\" data-large-file=\"http:\/\/www.waldforscher.at\/wp-content\/uploads\/2014\/12\/Bohrer_imBaum.jpg\" class=\"alignnone size-medium wp-image-501\" src=\"http:\/\/www.waldforscher.at\/wp-content\/uploads\/2014\/12\/Bohrer_imBaum-300x189.jpg\" alt=\"\" height=\"189\" width=\"300\" srcset=\"http:\/\/www.waldforscher.at\/wp-content\/uploads\/2014\/12\/Bohrer_imBaum-300x189.jpg 300w, http:\/\/www.waldforscher.at\/wp-content\/uploads\/2014\/12\/Bohrer_imBaum-768x483.jpg 768w, http:\/\/www.waldforscher.at\/wp-content\/uploads\/2014\/12\/Bohrer_imBaum.jpg 1000w\" sizes=\"auto, (max-width: 300px) 100vw, 300px\" \/><\/a><\/p>\n<p>Und mehr Details rund um die Pecherei findet ihr auf der Seite des neuen Vereins der<\/p>\n<p><a href=\"http:\/\/www.keafoehrene.at\" target=\"_blank\"><strong>KEAF\u00f6hrenen<\/strong><\/a><\/p>\n<p><a href=\"http:\/\/www.keafoehrene.at\" target=\"_blank\"><img loading=\"lazy\" decoding=\"async\" data-attachment-id=\"545\" data-permalink=\"http:\/\/www.waldforscher.at\/?attachment_id=545\" data-orig-file=\"http:\/\/www.waldforscher.at\/wp-content\/uploads\/2014\/12\/DieKEAfoehrenen_web.jpg\" data-orig-size=\"300,300\" data-comments-opened=\"1\" data-image-meta=\"{&quot;aperture&quot;:&quot;0&quot;,&quot;credit&quot;:&quot;&quot;,&quot;camera&quot;:&quot;&quot;,&quot;caption&quot;:&quot;&quot;,&quot;created_timestamp&quot;:&quot;0&quot;,&quot;copyright&quot;:&quot;&quot;,&quot;focal_length&quot;:&quot;0&quot;,&quot;iso&quot;:&quot;0&quot;,&quot;shutter_speed&quot;:&quot;0&quot;,&quot;title&quot;:&quot;&quot;,&quot;orientation&quot;:&quot;1&quot;}\" data-image-title=\"DieKEAfoehrenen_web\" data-image-description=\"\" data-image-caption=\"\" data-large-file=\"http:\/\/www.waldforscher.at\/wp-content\/uploads\/2014\/12\/DieKEAfoehrenen_web.jpg\" class=\"alignnone wp-image-545 size-full\" src=\"http:\/\/www.waldforscher.at\/wp-content\/uploads\/2014\/12\/DieKEAfoehrenen_web.jpg\" height=\"300\" width=\"300\" srcset=\"http:\/\/www.waldforscher.at\/wp-content\/uploads\/2014\/12\/DieKEAfoehrenen_web.jpg 300w, http:\/\/www.waldforscher.at\/wp-content\/uploads\/2014\/12\/DieKEAfoehrenen_web-150x150.jpg 150w\" sizes=\"auto, (max-width: 300px) 100vw, 300px\" \/><\/a><\/p>\n","protected":false},"excerpt":{"rendered":"<p>Was ist die Pecherei? Was ist Harz? Wie gewinnt man es und wie sieht die Arbeit des Pechers aus? Ihr k\u00f6nnt selber Harzen und auch selber einen Bohrkern einer Kiefer entnehmen &#8211; der riecht ganz k\u00f6stlich!! Schon das Bohren des Kerns mit einem forstlichen Kernbohrer ist ein Erlebnis f\u00fcr sich. Nur die Starken schaffen das \ud83d\ude09 Und mehr Details rund um die Pecherei findet ihr auf der Seite des neuen Vereins der KEAF\u00f6hrenen<\/p>\n<a class=\"more-link\" rel=\"nofollow\" href=\"http:\/\/www.waldforscher.at\/?page_id=362\">[Weiterlesen...]<\/a>","protected":false},"author":5,"featured_media":0,"parent":270,"menu_order":0,"comment_status":"open","ping_status":"open","template":"","meta":{"_exactmetrics_skip_tracking":false,"_exactmetrics_sitenote_active":false,"_exactmetrics_sitenote_note":"","_exactmetrics_sitenote_category":0,"ngg_post_thumbnail":0,"jetpack_post_was_ever_published":false,"footnotes":""},"class_list":["post-362","page","type-page","status-publish","hentry"],"yoast_head":"<!-- This site is optimized with the Yoast SEO plugin v27.5 - https:\/\/yoast.com\/product\/yoast-seo-wordpress\/ -->\n<title>Pech gehabt! - Die Pecherei - Waldforscher.at<\/title>\n<meta name=\"robots\" content=\"index, follow, max-snippet:-1, max-image-preview:large, max-video-preview:-1\" \/>\n<link rel=\"canonical\" href=\"http:\/\/www.waldforscher.at\/?page_id=362\" \/>\n<meta property=\"og:locale\" content=\"de_DE\" \/>\n<meta property=\"og:type\" content=\"article\" \/>\n<meta property=\"og:title\" content=\"Pech gehabt! - Die Pecherei - Waldforscher.at\" \/>\n<meta property=\"og:description\" content=\"Was ist die Pecherei? Was ist Harz? Wie gewinnt man es und wie sieht die Arbeit des Pechers aus? Ihr k\u00f6nnt selber Harzen und auch selber einen Bohrkern einer Kiefer entnehmen &#8211; der riecht ganz k\u00f6stlich!! Schon das Bohren des Kerns mit einem forstlichen Kernbohrer ist ein Erlebnis f\u00fcr sich. Nur die Starken schaffen das \ud83d\ude09 Und mehr Details rund um die Pecherei findet ihr auf der Seite des neuen Vereins der KEAF\u00f6hrenen\" \/>\n<meta property=\"og:url\" content=\"http:\/\/www.waldforscher.at\/?page_id=362\" \/>\n<meta property=\"og:site_name\" content=\"Waldforscher.at\" \/>\n<meta property=\"article:publisher\" content=\"https:\/\/www.facebook.com\/waldforscher\/\" \/>\n<meta property=\"article:modified_time\" content=\"2017-09-28T07:54:49+00:00\" \/>\n<meta property=\"og:image\" content=\"http:\/\/www.waldforscher.at\/wp-content\/uploads\/2014\/12\/Pecherei-300x199.jpg\" \/>\n<meta name=\"twitter:card\" content=\"summary_large_image\" \/>\n<script type=\"application\/ld+json\" class=\"yoast-schema-graph\">{\"@context\":\"https:\\\/\\\/schema.org\",\"@graph\":[{\"@type\":\"WebPage\",\"@id\":\"http:\\\/\\\/www.waldforscher.at\\\/?page_id=362\",\"url\":\"http:\\\/\\\/www.waldforscher.at\\\/?page_id=362\",\"name\":\"Pech gehabt! - Die Pecherei - Waldforscher.at\",\"isPartOf\":{\"@id\":\"http:\\\/\\\/www.waldforscher.at\\\/#website\"},\"primaryImageOfPage\":{\"@id\":\"http:\\\/\\\/www.waldforscher.at\\\/?page_id=362#primaryimage\"},\"image\":{\"@id\":\"http:\\\/\\\/www.waldforscher.at\\\/?page_id=362#primaryimage\"},\"thumbnailUrl\":\"http:\\\/\\\/www.waldforscher.at\\\/wp-content\\\/uploads\\\/2014\\\/12\\\/Pecherei-300x199.jpg\",\"datePublished\":\"2014-12-14T17:02:57+00:00\",\"dateModified\":\"2017-09-28T07:54:49+00:00\",\"breadcrumb\":{\"@id\":\"http:\\\/\\\/www.waldforscher.at\\\/?page_id=362#breadcrumb\"},\"inLanguage\":\"de\",\"potentialAction\":[{\"@type\":\"ReadAction\",\"target\":[\"http:\\\/\\\/www.waldforscher.at\\\/?page_id=362\"]}]},{\"@type\":\"ImageObject\",\"inLanguage\":\"de\",\"@id\":\"http:\\\/\\\/www.waldforscher.at\\\/?page_id=362#primaryimage\",\"url\":\"http:\\\/\\\/www.waldforscher.at\\\/wp-content\\\/uploads\\\/2014\\\/12\\\/Pecherei.jpg\",\"contentUrl\":\"http:\\\/\\\/www.waldforscher.at\\\/wp-content\\\/uploads\\\/2014\\\/12\\\/Pecherei.jpg\",\"width\":800,\"height\":533},{\"@type\":\"BreadcrumbList\",\"@id\":\"http:\\\/\\\/www.waldforscher.at\\\/?page_id=362#breadcrumb\",\"itemListElement\":[{\"@type\":\"ListItem\",\"position\":1,\"name\":\"Home\",\"item\":\"http:\\\/\\\/www.waldforscher.at\\\/\"},{\"@type\":\"ListItem\",\"position\":2,\"name\":\"Programm\u00fcbersicht\",\"item\":\"http:\\\/\\\/www.waldforscher.at\\\/?page_id=270\"},{\"@type\":\"ListItem\",\"position\":3,\"name\":\"Pech gehabt! &#8211; Die Pecherei\"}]},{\"@type\":\"WebSite\",\"@id\":\"http:\\\/\\\/www.waldforscher.at\\\/#website\",\"url\":\"http:\\\/\\\/www.waldforscher.at\\\/\",\"name\":\"Waldforscher.at\",\"description\":\"Waldp\u00e4dagogik und Walderlebnistag Forstverwaltung Kleimariazell\",\"publisher\":{\"@id\":\"http:\\\/\\\/www.waldforscher.at\\\/#organization\"},\"potentialAction\":[{\"@type\":\"SearchAction\",\"target\":{\"@type\":\"EntryPoint\",\"urlTemplate\":\"http:\\\/\\\/www.waldforscher.at\\\/?s={search_term_string}\"},\"query-input\":{\"@type\":\"PropertyValueSpecification\",\"valueRequired\":true,\"valueName\":\"search_term_string\"}}],\"inLanguage\":\"de\"},{\"@type\":\"Organization\",\"@id\":\"http:\\\/\\\/www.waldforscher.at\\\/#organization\",\"name\":\"Waldforscher.at\",\"url\":\"http:\\\/\\\/www.waldforscher.at\\\/\",\"logo\":{\"@type\":\"ImageObject\",\"inLanguage\":\"de\",\"@id\":\"http:\\\/\\\/www.waldforscher.at\\\/#\\\/schema\\\/logo\\\/image\\\/\",\"url\":\"http:\\\/\\\/www.waldforscher.at\\\/wp-content\\\/uploads\\\/2017\\\/01\\\/Logo_WaldforscherInnen_5.png\",\"contentUrl\":\"http:\\\/\\\/www.waldforscher.at\\\/wp-content\\\/uploads\\\/2017\\\/01\\\/Logo_WaldforscherInnen_5.png\",\"width\":608,\"height\":602,\"caption\":\"Waldforscher.at\"},\"image\":{\"@id\":\"http:\\\/\\\/www.waldforscher.at\\\/#\\\/schema\\\/logo\\\/image\\\/\"},\"sameAs\":[\"https:\\\/\\\/www.facebook.com\\\/waldforscher\\\/\",\"https:\\\/\\\/www.youtube.com\\\/channel\\\/UCMn2x_MY1UIU6nQUvZ4-RVA\"]}]}<\/script>\n<!-- \/ Yoast SEO plugin. -->","yoast_head_json":{"title":"Pech gehabt! - Die Pecherei - Waldforscher.at","robots":{"index":"index","follow":"follow","max-snippet":"max-snippet:-1","max-image-preview":"max-image-preview:large","max-video-preview":"max-video-preview:-1"},"canonical":"http:\/\/www.waldforscher.at\/?page_id=362","og_locale":"de_DE","og_type":"article","og_title":"Pech gehabt! - Die Pecherei - Waldforscher.at","og_description":"Was ist die Pecherei? Was ist Harz? Wie gewinnt man es und wie sieht die Arbeit des Pechers aus? Ihr k\u00f6nnt selber Harzen und auch selber einen Bohrkern einer Kiefer entnehmen &#8211; der riecht ganz k\u00f6stlich!! Schon das Bohren des Kerns mit einem forstlichen Kernbohrer ist ein Erlebnis f\u00fcr sich. Nur die Starken schaffen das \ud83d\ude09 Und mehr Details rund um die Pecherei findet ihr auf der Seite des neuen Vereins der KEAF\u00f6hrenen","og_url":"http:\/\/www.waldforscher.at\/?page_id=362","og_site_name":"Waldforscher.at","article_publisher":"https:\/\/www.facebook.com\/waldforscher\/","article_modified_time":"2017-09-28T07:54:49+00:00","og_image":[{"url":"http:\/\/www.waldforscher.at\/wp-content\/uploads\/2014\/12\/Pecherei-300x199.jpg","type":"","width":"","height":""}],"twitter_card":"summary_large_image","schema":{"@context":"https:\/\/schema.org","@graph":[{"@type":"WebPage","@id":"http:\/\/www.waldforscher.at\/?page_id=362","url":"http:\/\/www.waldforscher.at\/?page_id=362","name":"Pech gehabt! - Die Pecherei - Waldforscher.at","isPartOf":{"@id":"http:\/\/www.waldforscher.at\/#website"},"primaryImageOfPage":{"@id":"http:\/\/www.waldforscher.at\/?page_id=362#primaryimage"},"image":{"@id":"http:\/\/www.waldforscher.at\/?page_id=362#primaryimage"},"thumbnailUrl":"http:\/\/www.waldforscher.at\/wp-content\/uploads\/2014\/12\/Pecherei-300x199.jpg","datePublished":"2014-12-14T17:02:57+00:00","dateModified":"2017-09-28T07:54:49+00:00","breadcrumb":{"@id":"http:\/\/www.waldforscher.at\/?page_id=362#breadcrumb"},"inLanguage":"de","potentialAction":[{"@type":"ReadAction","target":["http:\/\/www.waldforscher.at\/?page_id=362"]}]},{"@type":"ImageObject","inLanguage":"de","@id":"http:\/\/www.waldforscher.at\/?page_id=362#primaryimage","url":"http:\/\/www.waldforscher.at\/wp-content\/uploads\/2014\/12\/Pecherei.jpg","contentUrl":"http:\/\/www.waldforscher.at\/wp-content\/uploads\/2014\/12\/Pecherei.jpg","width":800,"height":533},{"@type":"BreadcrumbList","@id":"http:\/\/www.waldforscher.at\/?page_id=362#breadcrumb","itemListElement":[{"@type":"ListItem","position":1,"name":"Home","item":"http:\/\/www.waldforscher.at\/"},{"@type":"ListItem","position":2,"name":"Programm\u00fcbersicht","item":"http:\/\/www.waldforscher.at\/?page_id=270"},{"@type":"ListItem","position":3,"name":"Pech gehabt! &#8211; Die Pecherei"}]},{"@type":"WebSite","@id":"http:\/\/www.waldforscher.at\/#website","url":"http:\/\/www.waldforscher.at\/","name":"Waldforscher.at","description":"Waldp\u00e4dagogik und Walderlebnistag Forstverwaltung Kleimariazell","publisher":{"@id":"http:\/\/www.waldforscher.at\/#organization"},"potentialAction":[{"@type":"SearchAction","target":{"@type":"EntryPoint","urlTemplate":"http:\/\/www.waldforscher.at\/?s={search_term_string}"},"query-input":{"@type":"PropertyValueSpecification","valueRequired":true,"valueName":"search_term_string"}}],"inLanguage":"de"},{"@type":"Organization","@id":"http:\/\/www.waldforscher.at\/#organization","name":"Waldforscher.at","url":"http:\/\/www.waldforscher.at\/","logo":{"@type":"ImageObject","inLanguage":"de","@id":"http:\/\/www.waldforscher.at\/#\/schema\/logo\/image\/","url":"http:\/\/www.waldforscher.at\/wp-content\/uploads\/2017\/01\/Logo_WaldforscherInnen_5.png","contentUrl":"http:\/\/www.waldforscher.at\/wp-content\/uploads\/2017\/01\/Logo_WaldforscherInnen_5.png","width":608,"height":602,"caption":"Waldforscher.at"},"image":{"@id":"http:\/\/www.waldforscher.at\/#\/schema\/logo\/image\/"},"sameAs":["https:\/\/www.facebook.com\/waldforscher\/","https:\/\/www.youtube.com\/channel\/UCMn2x_MY1UIU6nQUvZ4-RVA"]}]}},"jetpack_sharing_enabled":true,"jetpack_shortlink":"https:\/\/wp.me\/P5ngwf-5Q","_links":{"self":[{"href":"http:\/\/www.waldforscher.at\/index.php?rest_route=\/wp\/v2\/pages\/362","targetHints":{"allow":["GET"]}}],"collection":[{"href":"http:\/\/www.waldforscher.at\/index.php?rest_route=\/wp\/v2\/pages"}],"about":[{"href":"http:\/\/www.waldforscher.at\/index.php?rest_route=\/wp\/v2\/types\/page"}],"author":[{"embeddable":true,"href":"http:\/\/www.waldforscher.at\/index.php?rest_route=\/wp\/v2\/users\/5"}],"replies":[{"embeddable":true,"href":"http:\/\/www.waldforscher.at\/index.php?rest_route=%2Fwp%2Fv2%2Fcomments&post=362"}],"version-history":[{"count":6,"href":"http:\/\/www.waldforscher.at\/index.php?rest_route=\/wp\/v2\/pages\/362\/revisions"}],"predecessor-version":[{"id":552,"href":"http:\/\/www.waldforscher.at\/index.php?rest_route=\/wp\/v2\/pages\/362\/revisions\/552"}],"up":[{"embeddable":true,"href":"http:\/\/www.waldforscher.at\/index.php?rest_route=\/wp\/v2\/pages\/270"}],"wp:attachment":[{"href":"http:\/\/www.waldforscher.at\/index.php?rest_route=%2Fwp%2Fv2%2Fmedia&parent=362"}],"curies":[{"name":"wp","href":"https:\/\/api.w.org\/{rel}","templated":true}]}}