{"id":243,"date":"2014-12-03T09:26:33","date_gmt":"2014-12-03T08:26:33","guid":{"rendered":"http:\/\/www.waldforscher.at\/?page_id=243"},"modified":"2019-08-08T20:34:31","modified_gmt":"2019-08-08T18:34:31","slug":"die-waldforscher-auf-facebook","status":"publish","type":"page","link":"http:\/\/www.waldforscher.at\/","title":{"rendered":"Willkommen bei den Waldforschern!"},"content":{"rendered":"<blockquote><p>Die Waldforscher sind ein Team aus Waldp\u00e4dagogen und -p\u00e4dagoginnen rund um Stefan und Ena Smidt von der Forstverwaltung Kleinmariazell. Mehr dazu in der Kategorie <a title=\"Wer sind die Waldforscher?\" href=\"http:\/\/www.waldforscher.at\/?page_id=62\">\u00bb\u00dcber Uns<\/a>.<\/p><\/blockquote>\n<p>Unser <a title=\"Programm\u00fcbersicht\" href=\"http:\/\/www.waldforscher.at\/?page_id=270\">\u00bbProgrammangebot<\/a> wird laufend erweitert. J\u00e4hrliche Fixpunkte bilden die <a title=\"Veranstaltungen\" href=\"?cat=10\">\u00bbWalderlebnistage<\/a> im September.<\/p>\n<h6>Wir sind ausgezeichnet!!<\/h6>\n<p><a href=\"http:\/\/www.waldforscher.at\/wp-content\/uploads\/2014\/12\/Logo-Dekadenprojekt.jpg\"><img loading=\"lazy\" decoding=\"async\" data-attachment-id=\"371\" data-permalink=\"http:\/\/www.waldforscher.at\/?attachment_id=371\" data-orig-file=\"http:\/\/www.waldforscher.at\/wp-content\/uploads\/2014\/12\/Logo-Dekadenprojekt.jpg\" data-orig-size=\"200,191\" data-comments-opened=\"1\" data-image-meta=\"{&quot;aperture&quot;:&quot;0&quot;,&quot;credit&quot;:&quot;&quot;,&quot;camera&quot;:&quot;&quot;,&quot;caption&quot;:&quot;&quot;,&quot;created_timestamp&quot;:&quot;0&quot;,&quot;copyright&quot;:&quot;&quot;,&quot;focal_length&quot;:&quot;0&quot;,&quot;iso&quot;:&quot;0&quot;,&quot;shutter_speed&quot;:&quot;0&quot;,&quot;title&quot;:&quot;&quot;,&quot;orientation&quot;:&quot;0&quot;}\" data-image-title=\"Logo Dekadenprojekt\" data-image-description=\"\" data-image-caption=\"\" data-large-file=\"http:\/\/www.waldforscher.at\/wp-content\/uploads\/2014\/12\/Logo-Dekadenprojekt.jpg\" class=\"alignnone size-full wp-image-371\" src=\"http:\/\/www.waldforscher.at\/wp-content\/uploads\/2014\/12\/Logo-Dekadenprojekt.jpg\" alt=\"Logo Dekadenprojekt\" width=\"200\" height=\"191\"><\/a><\/p>\n<p>Die WaldforscherInnen sind ein Beitrag zur Nachhaltigen Entwicklung und deshalb von der \u00d6sterreichischen UNESCO-Kommission ausgezeichnet worden und auf der <a href=\"http:\/\/www.bildungslandkarte.at\/\" target=\"_blank\" rel=\"noopener noreferrer\">Bildungslandkarte<\/a> vermarkt!<\/p>\n<h6>Au\u00dferdem sind wir Partner des <a href=\"http:\/\/www.bpww.at\" target=\"_blank\" rel=\"noopener noreferrer\">Biosph\u00e4renparks Wienerwald<\/a>!<\/h6>\n<p><a href=\"http:\/\/www.waldforscher.at\/wp-content\/uploads\/2014\/12\/logo_bpww.jpg\"><img loading=\"lazy\" decoding=\"async\" data-attachment-id=\"372\" data-permalink=\"http:\/\/www.waldforscher.at\/?attachment_id=372\" data-orig-file=\"http:\/\/www.waldforscher.at\/wp-content\/uploads\/2014\/12\/logo_bpww.jpg\" data-orig-size=\"457,334\" data-comments-opened=\"1\" data-image-meta=\"{&quot;aperture&quot;:&quot;0&quot;,&quot;credit&quot;:&quot;&quot;,&quot;camera&quot;:&quot;&quot;,&quot;caption&quot;:&quot;&quot;,&quot;created_timestamp&quot;:&quot;0&quot;,&quot;copyright&quot;:&quot;&quot;,&quot;focal_length&quot;:&quot;0&quot;,&quot;iso&quot;:&quot;0&quot;,&quot;shutter_speed&quot;:&quot;0&quot;,&quot;title&quot;:&quot;&quot;,&quot;orientation&quot;:&quot;0&quot;}\" data-image-title=\"logo_bpww\" data-image-description=\"\" data-image-caption=\"\" data-large-file=\"http:\/\/www.waldforscher.at\/wp-content\/uploads\/2014\/12\/logo_bpww.jpg\" class=\"alignnone size-medium wp-image-372\" src=\"http:\/\/www.waldforscher.at\/wp-content\/uploads\/2014\/12\/logo_bpww-300x219.jpg\" alt=\"logo_bpww\" width=\"300\" height=\"219\" srcset=\"http:\/\/www.waldforscher.at\/wp-content\/uploads\/2014\/12\/logo_bpww-300x219.jpg 300w, http:\/\/www.waldforscher.at\/wp-content\/uploads\/2014\/12\/logo_bpww.jpg 457w\" sizes=\"auto, (max-width: 300px) 100vw, 300px\" \/><\/a><\/p>\n<h6>Und wir kooperieren mit dem Netzwerk <a href=\"https:\/\/www.umweltwissen.at\/kooperationen.asp\" target=\"_blank\" rel=\"noopener noreferrer\">Umweltwissen!<\/a>!<\/h6>\n<p>Ihr findet uns dort unter D: &#8222;Die Waldforscher\/innen&#8220;<\/p>\n<h6><a href=\"http:\/\/www.waldforscher.at\/wp-content\/uploads\/2014\/12\/Umwelt.Wissen_EmailTaferl_Netzwerk_neu_1.jpg\"><img loading=\"lazy\" decoding=\"async\" data-attachment-id=\"485\" data-permalink=\"http:\/\/www.waldforscher.at\/?attachment_id=485\" data-orig-file=\"http:\/\/www.waldforscher.at\/wp-content\/uploads\/2014\/12\/Umwelt.Wissen_EmailTaferl_Netzwerk_neu_1.jpg\" data-orig-size=\"2067,1476\" data-comments-opened=\"1\" data-image-meta=\"{&quot;aperture&quot;:&quot;0&quot;,&quot;credit&quot;:&quot;&quot;,&quot;camera&quot;:&quot;&quot;,&quot;caption&quot;:&quot;&quot;,&quot;created_timestamp&quot;:&quot;0&quot;,&quot;copyright&quot;:&quot;&quot;,&quot;focal_length&quot;:&quot;0&quot;,&quot;iso&quot;:&quot;0&quot;,&quot;shutter_speed&quot;:&quot;0&quot;,&quot;title&quot;:&quot;&quot;,&quot;orientation&quot;:&quot;0&quot;}\" data-image-title=\"Umwelt.Wissen_EmailTaferl_Netzwerk_neu_1\" data-image-description=\"\" data-image-caption=\"\" data-large-file=\"http:\/\/www.waldforscher.at\/wp-content\/uploads\/2014\/12\/Umwelt.Wissen_EmailTaferl_Netzwerk_neu_1-1024x731.jpg\" class=\"alignnone size-medium wp-image-485\" src=\"http:\/\/www.waldforscher.at\/wp-content\/uploads\/2014\/12\/Umwelt.Wissen_EmailTaferl_Netzwerk_neu_1-300x214.jpg\" alt=\"\" width=\"300\" height=\"214\" srcset=\"http:\/\/www.waldforscher.at\/wp-content\/uploads\/2014\/12\/Umwelt.Wissen_EmailTaferl_Netzwerk_neu_1-300x214.jpg 300w, http:\/\/www.waldforscher.at\/wp-content\/uploads\/2014\/12\/Umwelt.Wissen_EmailTaferl_Netzwerk_neu_1-768x548.jpg 768w, http:\/\/www.waldforscher.at\/wp-content\/uploads\/2014\/12\/Umwelt.Wissen_EmailTaferl_Netzwerk_neu_1-1024x731.jpg 1024w\" sizes=\"auto, (max-width: 300px) 100vw, 300px\" \/><\/a><\/h6>\n<p>Tolle B\u00fccher gibt\u00b4s bei <a href=\"http:\/\/www.naturseiten.at\/\" target=\"_blank\" rel=\"noopener noreferrer\">Naturseiten.at<\/a>! &#8211; am Walderlebnistag gibt\u00b4s auch einen B\u00fccherstand von dort<\/p>\n<p><a href=\"http:\/\/www.waldforscher.at\/wp-content\/uploads\/2014\/12\/naturseiten.png\"><img loading=\"lazy\" decoding=\"async\" data-attachment-id=\"554\" data-permalink=\"http:\/\/www.waldforscher.at\/?attachment_id=554\" data-orig-file=\"http:\/\/www.waldforscher.at\/wp-content\/uploads\/2014\/12\/naturseiten.png\" data-orig-size=\"630,171\" data-comments-opened=\"1\" data-image-meta=\"{&quot;aperture&quot;:&quot;0&quot;,&quot;credit&quot;:&quot;&quot;,&quot;camera&quot;:&quot;&quot;,&quot;caption&quot;:&quot;&quot;,&quot;created_timestamp&quot;:&quot;0&quot;,&quot;copyright&quot;:&quot;&quot;,&quot;focal_length&quot;:&quot;0&quot;,&quot;iso&quot;:&quot;0&quot;,&quot;shutter_speed&quot;:&quot;0&quot;,&quot;title&quot;:&quot;&quot;,&quot;orientation&quot;:&quot;0&quot;}\" data-image-title=\"naturseiten\" data-image-description=\"\" data-image-caption=\"\" data-large-file=\"http:\/\/www.waldforscher.at\/wp-content\/uploads\/2014\/12\/naturseiten.png\" class=\"alignnone size-medium wp-image-554\" src=\"http:\/\/www.waldforscher.at\/wp-content\/uploads\/2014\/12\/naturseiten-300x81.png\" alt=\"\" width=\"300\" height=\"81\" srcset=\"http:\/\/www.waldforscher.at\/wp-content\/uploads\/2014\/12\/naturseiten-300x81.png 300w, http:\/\/www.waldforscher.at\/wp-content\/uploads\/2014\/12\/naturseiten.png 630w\" sizes=\"auto, (max-width: 300px) 100vw, 300px\" \/><\/a><\/p>\n<p>Die Forstverwaltung Kleinmariazell ist auch Gr\u00fcndungsmitglied des <a href=\"http:\/\/www.keafoehrene.at\" target=\"_blank\" rel=\"noopener noreferrer\">Vereins der KEAF\u00f6hrenen<\/a>!<br \/>\nDas dazugeh\u00f6rige Programm zur Pecherei findet ihr <a href=\"http:\/\/www.waldforscher.at\/?page_id=362\">hier<\/a>!<\/p>\n<p><a href=\"http:\/\/www.keafoehrene.at\" target=\"_blank\" rel=\"noopener noreferrer\"><img loading=\"lazy\" decoding=\"async\" data-attachment-id=\"545\" data-permalink=\"http:\/\/www.waldforscher.at\/?attachment_id=545\" data-orig-file=\"http:\/\/www.waldforscher.at\/wp-content\/uploads\/2014\/12\/DieKEAfoehrenen_web.jpg\" data-orig-size=\"300,300\" data-comments-opened=\"1\" data-image-meta=\"{&quot;aperture&quot;:&quot;0&quot;,&quot;credit&quot;:&quot;&quot;,&quot;camera&quot;:&quot;&quot;,&quot;caption&quot;:&quot;&quot;,&quot;created_timestamp&quot;:&quot;0&quot;,&quot;copyright&quot;:&quot;&quot;,&quot;focal_length&quot;:&quot;0&quot;,&quot;iso&quot;:&quot;0&quot;,&quot;shutter_speed&quot;:&quot;0&quot;,&quot;title&quot;:&quot;&quot;,&quot;orientation&quot;:&quot;1&quot;}\" data-image-title=\"DieKEAfoehrenen_web\" data-image-description=\"\" data-image-caption=\"\" data-large-file=\"http:\/\/www.waldforscher.at\/wp-content\/uploads\/2014\/12\/DieKEAfoehrenen_web.jpg\" class=\"alignnone wp-image-545 size-full\" src=\"http:\/\/www.waldforscher.at\/wp-content\/uploads\/2014\/12\/DieKEAfoehrenen_web.jpg\" width=\"300\" height=\"300\" srcset=\"http:\/\/www.waldforscher.at\/wp-content\/uploads\/2014\/12\/DieKEAfoehrenen_web.jpg 300w, http:\/\/www.waldforscher.at\/wp-content\/uploads\/2014\/12\/DieKEAfoehrenen_web-150x150.jpg 150w\" sizes=\"auto, (max-width: 300px) 100vw, 300px\" \/><\/a><\/p>\n<h6>Wir sind auch auf Facebook sehr aktiv!<\/h6>\n<p>Die allerneuesten Neuigkeiten findest du auf unserer Facebookseite:<br \/>\n<iframe loading=\"lazy\" style=\"border: none; overflow: hidden; width: 100%; height: 258px;\" src=\"\/\/www.facebook.com\/plugins\/likebox.php?href=https%3A%2F%2Fwww.facebook.com%2Fwaldforscher&amp;width=700&amp;height=258&amp;colorscheme=light&amp;show_faces=true&amp;header=false&amp;stream=false&amp;show_border=false&amp;appId=404480559716516\" scrolling=\"no\" width=\"300\" height=\"150\" frameborder=\"0\"><\/iframe><br \/>\n[fts_facebook id=waldforscher posts_displayed=page_only type=page]\n<p>&nbsp;<\/p>\n","protected":false},"excerpt":{"rendered":"<p>Die Waldforscher sind ein Team aus Waldp\u00e4dagogen und -p\u00e4dagoginnen rund um Stefan und Ena Smidt von der Forstverwaltung Kleinmariazell. Mehr dazu in der Kategorie \u00bb\u00dcber Uns. Unser \u00bbProgrammangebot wird laufend erweitert. J\u00e4hrliche Fixpunkte bilden die \u00bbWalderlebnistage im September. Wir sind ausgezeichnet!! Die WaldforscherInnen sind ein Beitrag zur Nachhaltigen Entwicklung und deshalb von der \u00d6sterreichischen UNESCO-Kommission ausgezeichnet worden und auf der Bildungslandkarte vermarkt! Au\u00dferdem sind wir Partner des Biosph\u00e4renparks Wienerwald! Und wir kooperieren mit dem Netzwerk Umweltwissen!! Ihr findet uns dort unter D: &#8222;Die Waldforscher\/innen&#8220; Tolle B\u00fccher gibt\u00b4s bei Naturseiten.at! &#8211; am Walderlebnistag gibt\u00b4s auch einen B\u00fccherstand von dort Die Forstverwaltung<\/p>\n<a class=\"more-link\" rel=\"nofollow\" href=\"http:\/\/www.waldforscher.at\/\">[Weiterlesen...]<\/a>","protected":false},"author":1,"featured_media":0,"parent":0,"menu_order":0,"comment_status":"open","ping_status":"open","template":"","meta":{"_exactmetrics_skip_tracking":false,"_exactmetrics_sitenote_active":false,"_exactmetrics_sitenote_note":"","_exactmetrics_sitenote_category":0,"ngg_post_thumbnail":0,"jetpack_post_was_ever_published":false,"footnotes":""},"class_list":["post-243","page","type-page","status-publish","hentry"],"yoast_head":"<!-- This site is optimized with the Yoast SEO plugin v27.5 - https:\/\/yoast.com\/product\/yoast-seo-wordpress\/ -->\n<title>Willkommen bei den Waldforschern! - Waldforscher.at<\/title>\n<meta name=\"robots\" content=\"index, follow, max-snippet:-1, max-image-preview:large, max-video-preview:-1\" \/>\n<link rel=\"canonical\" href=\"http:\/\/www.waldforscher.at\/\" \/>\n<meta property=\"og:locale\" content=\"de_DE\" \/>\n<meta property=\"og:type\" content=\"article\" \/>\n<meta property=\"og:title\" content=\"Willkommen bei den Waldforschern! - Waldforscher.at\" \/>\n<meta property=\"og:description\" content=\"Die Waldforscher sind ein Team aus Waldp\u00e4dagogen und -p\u00e4dagoginnen rund um Stefan und Ena Smidt von der Forstverwaltung Kleinmariazell. Mehr dazu in der Kategorie \u00bb\u00dcber Uns. Unser \u00bbProgrammangebot wird laufend erweitert. J\u00e4hrliche Fixpunkte bilden die \u00bbWalderlebnistage im September. Wir sind ausgezeichnet!! Die WaldforscherInnen sind ein Beitrag zur Nachhaltigen Entwicklung und deshalb von der \u00d6sterreichischen UNESCO-Kommission ausgezeichnet worden und auf der Bildungslandkarte vermarkt! Au\u00dferdem sind wir Partner des Biosph\u00e4renparks Wienerwald! Und wir kooperieren mit dem Netzwerk Umweltwissen!! Ihr findet uns dort unter D: &#8222;Die Waldforscher\/innen&#8220; Tolle B\u00fccher gibt\u00b4s bei Naturseiten.at! &#8211; am Walderlebnistag gibt\u00b4s auch einen B\u00fccherstand von dort Die Forstverwaltung\" \/>\n<meta property=\"og:url\" content=\"http:\/\/www.waldforscher.at\/\" \/>\n<meta property=\"og:site_name\" content=\"Waldforscher.at\" \/>\n<meta property=\"article:publisher\" content=\"https:\/\/www.facebook.com\/waldforscher\/\" \/>\n<meta property=\"article:modified_time\" content=\"2019-08-08T18:34:31+00:00\" \/>\n<meta property=\"og:image\" content=\"http:\/\/www.waldforscher.at\/wp-content\/uploads\/2014\/12\/Logo-Dekadenprojekt.jpg\" \/>\n<meta name=\"twitter:card\" content=\"summary_large_image\" \/>\n<meta name=\"twitter:label1\" content=\"Gesch\u00e4tzte Lesezeit\" \/>\n\t<meta name=\"twitter:data1\" content=\"1\u00a0Minute\" \/>\n<script type=\"application\/ld+json\" class=\"yoast-schema-graph\">{\"@context\":\"https:\\\/\\\/schema.org\",\"@graph\":[{\"@type\":\"WebPage\",\"@id\":\"http:\\\/\\\/www.waldforscher.at\\\/\",\"url\":\"http:\\\/\\\/www.waldforscher.at\\\/\",\"name\":\"Willkommen bei den Waldforschern! - Waldforscher.at\",\"isPartOf\":{\"@id\":\"http:\\\/\\\/www.waldforscher.at\\\/#website\"},\"primaryImageOfPage\":{\"@id\":\"http:\\\/\\\/www.waldforscher.at\\\/#primaryimage\"},\"image\":{\"@id\":\"http:\\\/\\\/www.waldforscher.at\\\/#primaryimage\"},\"thumbnailUrl\":\"http:\\\/\\\/www.waldforscher.at\\\/wp-content\\\/uploads\\\/2014\\\/12\\\/Logo-Dekadenprojekt.jpg\",\"datePublished\":\"2014-12-03T08:26:33+00:00\",\"dateModified\":\"2019-08-08T18:34:31+00:00\",\"breadcrumb\":{\"@id\":\"http:\\\/\\\/www.waldforscher.at\\\/#breadcrumb\"},\"inLanguage\":\"de\",\"potentialAction\":[{\"@type\":\"ReadAction\",\"target\":[\"http:\\\/\\\/www.waldforscher.at\\\/\"]}]},{\"@type\":\"ImageObject\",\"inLanguage\":\"de\",\"@id\":\"http:\\\/\\\/www.waldforscher.at\\\/#primaryimage\",\"url\":\"http:\\\/\\\/www.waldforscher.at\\\/wp-content\\\/uploads\\\/2014\\\/12\\\/Logo-Dekadenprojekt.jpg\",\"contentUrl\":\"http:\\\/\\\/www.waldforscher.at\\\/wp-content\\\/uploads\\\/2014\\\/12\\\/Logo-Dekadenprojekt.jpg\",\"width\":200,\"height\":191},{\"@type\":\"BreadcrumbList\",\"@id\":\"http:\\\/\\\/www.waldforscher.at\\\/#breadcrumb\",\"itemListElement\":[{\"@type\":\"ListItem\",\"position\":1,\"name\":\"Home\",\"item\":\"http:\\\/\\\/www.waldforscher.at\\\/\"},{\"@type\":\"ListItem\",\"position\":2,\"name\":\"Willkommen bei den Waldforschern!\"}]},{\"@type\":\"WebSite\",\"@id\":\"http:\\\/\\\/www.waldforscher.at\\\/#website\",\"url\":\"http:\\\/\\\/www.waldforscher.at\\\/\",\"name\":\"Waldforscher.at\",\"description\":\"Waldp\u00e4dagogik und Walderlebnistag Forstverwaltung Kleimariazell\",\"publisher\":{\"@id\":\"http:\\\/\\\/www.waldforscher.at\\\/#organization\"},\"potentialAction\":[{\"@type\":\"SearchAction\",\"target\":{\"@type\":\"EntryPoint\",\"urlTemplate\":\"http:\\\/\\\/www.waldforscher.at\\\/?s={search_term_string}\"},\"query-input\":{\"@type\":\"PropertyValueSpecification\",\"valueRequired\":true,\"valueName\":\"search_term_string\"}}],\"inLanguage\":\"de\"},{\"@type\":\"Organization\",\"@id\":\"http:\\\/\\\/www.waldforscher.at\\\/#organization\",\"name\":\"Waldforscher.at\",\"url\":\"http:\\\/\\\/www.waldforscher.at\\\/\",\"logo\":{\"@type\":\"ImageObject\",\"inLanguage\":\"de\",\"@id\":\"http:\\\/\\\/www.waldforscher.at\\\/#\\\/schema\\\/logo\\\/image\\\/\",\"url\":\"http:\\\/\\\/www.waldforscher.at\\\/wp-content\\\/uploads\\\/2017\\\/01\\\/Logo_WaldforscherInnen_5.png\",\"contentUrl\":\"http:\\\/\\\/www.waldforscher.at\\\/wp-content\\\/uploads\\\/2017\\\/01\\\/Logo_WaldforscherInnen_5.png\",\"width\":608,\"height\":602,\"caption\":\"Waldforscher.at\"},\"image\":{\"@id\":\"http:\\\/\\\/www.waldforscher.at\\\/#\\\/schema\\\/logo\\\/image\\\/\"},\"sameAs\":[\"https:\\\/\\\/www.facebook.com\\\/waldforscher\\\/\",\"https:\\\/\\\/www.youtube.com\\\/channel\\\/UCMn2x_MY1UIU6nQUvZ4-RVA\"]}]}<\/script>\n<!-- \/ Yoast SEO plugin. -->","yoast_head_json":{"title":"Willkommen bei den Waldforschern! - Waldforscher.at","robots":{"index":"index","follow":"follow","max-snippet":"max-snippet:-1","max-image-preview":"max-image-preview:large","max-video-preview":"max-video-preview:-1"},"canonical":"http:\/\/www.waldforscher.at\/","og_locale":"de_DE","og_type":"article","og_title":"Willkommen bei den Waldforschern! - Waldforscher.at","og_description":"Die Waldforscher sind ein Team aus Waldp\u00e4dagogen und -p\u00e4dagoginnen rund um Stefan und Ena Smidt von der Forstverwaltung Kleinmariazell. Mehr dazu in der Kategorie \u00bb\u00dcber Uns. Unser \u00bbProgrammangebot wird laufend erweitert. J\u00e4hrliche Fixpunkte bilden die \u00bbWalderlebnistage im September. Wir sind ausgezeichnet!! Die WaldforscherInnen sind ein Beitrag zur Nachhaltigen Entwicklung und deshalb von der \u00d6sterreichischen UNESCO-Kommission ausgezeichnet worden und auf der Bildungslandkarte vermarkt! Au\u00dferdem sind wir Partner des Biosph\u00e4renparks Wienerwald! Und wir kooperieren mit dem Netzwerk Umweltwissen!! Ihr findet uns dort unter D: &#8222;Die Waldforscher\/innen&#8220; Tolle B\u00fccher gibt\u00b4s bei Naturseiten.at! &#8211; am Walderlebnistag gibt\u00b4s auch einen B\u00fccherstand von dort Die Forstverwaltung","og_url":"http:\/\/www.waldforscher.at\/","og_site_name":"Waldforscher.at","article_publisher":"https:\/\/www.facebook.com\/waldforscher\/","article_modified_time":"2019-08-08T18:34:31+00:00","og_image":[{"url":"http:\/\/www.waldforscher.at\/wp-content\/uploads\/2014\/12\/Logo-Dekadenprojekt.jpg","type":"","width":"","height":""}],"twitter_card":"summary_large_image","twitter_misc":{"Gesch\u00e4tzte Lesezeit":"1\u00a0Minute"},"schema":{"@context":"https:\/\/schema.org","@graph":[{"@type":"WebPage","@id":"http:\/\/www.waldforscher.at\/","url":"http:\/\/www.waldforscher.at\/","name":"Willkommen bei den Waldforschern! - Waldforscher.at","isPartOf":{"@id":"http:\/\/www.waldforscher.at\/#website"},"primaryImageOfPage":{"@id":"http:\/\/www.waldforscher.at\/#primaryimage"},"image":{"@id":"http:\/\/www.waldforscher.at\/#primaryimage"},"thumbnailUrl":"http:\/\/www.waldforscher.at\/wp-content\/uploads\/2014\/12\/Logo-Dekadenprojekt.jpg","datePublished":"2014-12-03T08:26:33+00:00","dateModified":"2019-08-08T18:34:31+00:00","breadcrumb":{"@id":"http:\/\/www.waldforscher.at\/#breadcrumb"},"inLanguage":"de","potentialAction":[{"@type":"ReadAction","target":["http:\/\/www.waldforscher.at\/"]}]},{"@type":"ImageObject","inLanguage":"de","@id":"http:\/\/www.waldforscher.at\/#primaryimage","url":"http:\/\/www.waldforscher.at\/wp-content\/uploads\/2014\/12\/Logo-Dekadenprojekt.jpg","contentUrl":"http:\/\/www.waldforscher.at\/wp-content\/uploads\/2014\/12\/Logo-Dekadenprojekt.jpg","width":200,"height":191},{"@type":"BreadcrumbList","@id":"http:\/\/www.waldforscher.at\/#breadcrumb","itemListElement":[{"@type":"ListItem","position":1,"name":"Home","item":"http:\/\/www.waldforscher.at\/"},{"@type":"ListItem","position":2,"name":"Willkommen bei den Waldforschern!"}]},{"@type":"WebSite","@id":"http:\/\/www.waldforscher.at\/#website","url":"http:\/\/www.waldforscher.at\/","name":"Waldforscher.at","description":"Waldp\u00e4dagogik und Walderlebnistag Forstverwaltung Kleimariazell","publisher":{"@id":"http:\/\/www.waldforscher.at\/#organization"},"potentialAction":[{"@type":"SearchAction","target":{"@type":"EntryPoint","urlTemplate":"http:\/\/www.waldforscher.at\/?s={search_term_string}"},"query-input":{"@type":"PropertyValueSpecification","valueRequired":true,"valueName":"search_term_string"}}],"inLanguage":"de"},{"@type":"Organization","@id":"http:\/\/www.waldforscher.at\/#organization","name":"Waldforscher.at","url":"http:\/\/www.waldforscher.at\/","logo":{"@type":"ImageObject","inLanguage":"de","@id":"http:\/\/www.waldforscher.at\/#\/schema\/logo\/image\/","url":"http:\/\/www.waldforscher.at\/wp-content\/uploads\/2017\/01\/Logo_WaldforscherInnen_5.png","contentUrl":"http:\/\/www.waldforscher.at\/wp-content\/uploads\/2017\/01\/Logo_WaldforscherInnen_5.png","width":608,"height":602,"caption":"Waldforscher.at"},"image":{"@id":"http:\/\/www.waldforscher.at\/#\/schema\/logo\/image\/"},"sameAs":["https:\/\/www.facebook.com\/waldforscher\/","https:\/\/www.youtube.com\/channel\/UCMn2x_MY1UIU6nQUvZ4-RVA"]}]}},"jetpack_sharing_enabled":false,"jetpack_shortlink":"https:\/\/wp.me\/P5ngwf-3V","_links":{"self":[{"href":"http:\/\/www.waldforscher.at\/index.php?rest_route=\/wp\/v2\/pages\/243","targetHints":{"allow":["GET"]}}],"collection":[{"href":"http:\/\/www.waldforscher.at\/index.php?rest_route=\/wp\/v2\/pages"}],"about":[{"href":"http:\/\/www.waldforscher.at\/index.php?rest_route=\/wp\/v2\/types\/page"}],"author":[{"embeddable":true,"href":"http:\/\/www.waldforscher.at\/index.php?rest_route=\/wp\/v2\/users\/1"}],"replies":[{"embeddable":true,"href":"http:\/\/www.waldforscher.at\/index.php?rest_route=%2Fwp%2Fv2%2Fcomments&post=243"}],"version-history":[{"count":35,"href":"http:\/\/www.waldforscher.at\/index.php?rest_route=\/wp\/v2\/pages\/243\/revisions"}],"predecessor-version":[{"id":743,"href":"http:\/\/www.waldforscher.at\/index.php?rest_route=\/wp\/v2\/pages\/243\/revisions\/743"}],"wp:attachment":[{"href":"http:\/\/www.waldforscher.at\/index.php?rest_route=%2Fwp%2Fv2%2Fmedia&parent=243"}],"curies":[{"name":"wp","href":"https:\/\/api.w.org\/{rel}","templated":true}]}}